{"id":73,"date":"2024-03-28T18:45:59","date_gmt":"2024-03-28T17:45:59","guid":{"rendered":"https:\/\/liubingquintero.com\/?page_id=73"},"modified":"2025-07-07T14:58:15","modified_gmt":"2025-07-07T19:58:15","slug":"biografia-2","status":"publish","type":"page","link":"https:\/\/liubingquintero.com\/index.php\/biografia-2\/","title":{"rendered":"Biografia"},"content":{"rendered":"\n<div class=\"wp-block-uagb-advanced-heading uagb-block-ba44f8dc\"><h2 class=\"uagb-heading-text\"><strong>Biograf\u00eda<\/strong><\/h2><\/div>\n\n\n\n<p class=\"has-text-align-left justificado has-medium-font-size\">Nacido en la vibrante ciudad de Maracaibo, Venezuela, y actualmente residenciado en el departamento de Cundinamarca, Colombia, el Ap\u00f3stol Liubing Quintero es el fundador de la Escuela de Ministerio de Alto Nivel (EMAN), la Iglesia Comunidad Cristiana de Misiones (CCM Internacional) y la Red Apost\u00f3lica Davar, dejando de esta manera una marca indeleble en el \u00e1mbito de la fe, ya que estas organizaciones no solo han servido como pilares de la fe en m\u00faltiples comunidades alrededor del mundo, sino que tambi\u00e9n han sido canales de ense\u00f1anza y capacitaci\u00f3n para l\u00edderes y ministros del presente y del futuro.<\/p>\n\n\n\n<p class=\"has-text-align-left justificado has-medium-font-size\">Con m\u00e1s de dos d\u00e9cadas de experiencia ministerial, Ap\u00f3stol Liubing Quintero ha fundado o asesorado la fundaci\u00f3n de m\u00e1s de 100 congregaciones ademas de haber formado a m\u00e1s de 1000 ministros en su trayectoria. Su compromiso con el crecimiento espiritual y la expansi\u00f3n del Reino lo ha llevado a realizar frecuentes giras apost\u00f3licas, llevando el mensaje de amor y esperanza a diferentes rincones del mundo.<\/p>\n\n\n\n<p class=\"has-text-align-left justificado has-medium-font-size\">Casado por m\u00e1s de 20 a\u00f1os con la Licenciada Mayra Hern\u00e1ndez, y bendecido con dos hijos varones, el Ap\u00f3stol Liubing Quintero proviene de una familia pastoral, lo que ha moldeado su vocaci\u00f3n desde temprana edad. Esta herencia espiritual, combinada con su propia b\u00fasqueda de la verdad y su profundo compromiso con Dios en busca de revelaci\u00f3n y conexi\u00f3n con lo divino, lo condujo a un camino de compromiso y dedicaci\u00f3n sin igual. Su dedicaci\u00f3n y visi\u00f3n han sido pilares en el desarrollo del ministerio, impactando positivamente a generaciones de creyentes en todo el mundo.<\/p>\n\n\n\n<p class=\"has-text-align-left justificado has-medium-font-size\">Fuera de su labor espiritual, el Ap\u00f3stol Liubing Quintero tambi\u00e9n es reconocido por su activismo social y su dedicaci\u00f3n a causas humanitarias. Desde proyectos de ayuda comunitaria hasta campa\u00f1as por la justicia y la equidad, su trabajo refleja su compromiso con construir un mundo m\u00e1s justo y compasivo para todos donde el conocimiento y la adoraci\u00f3n al Dios de Israel sea una realidad.<\/p>\n\n\n\n<p><\/p>\n\n\n\n<p><\/p>\n\n\n\n<p><\/p>\n\n\n\n<p><\/p>\n","protected":false},"excerpt":{"rendered":"<p>Biograf\u00eda Nacido en la vibrante ciudad de Maracaibo, Venezuela, y actualmente residenciado en el departamento de Cundinamarca, Colombia, el Ap\u00f3stol [&hellip;]<\/p>\n","protected":false},"author":1,"featured_media":0,"parent":0,"menu_order":0,"comment_status":"closed","ping_status":"closed","template":"","meta":{"_uag_custom_page_level_css":"","site-sidebar-layout":"default","site-content-layout":"","ast-site-content-layout":"default","site-content-style":"default","site-sidebar-style":"default","ast-global-header-display":"","ast-banner-title-visibility":"","ast-main-header-display":"","ast-hfb-above-header-display":"","ast-hfb-below-header-display":"","ast-hfb-mobile-header-display":"","site-post-title":"disabled","ast-breadcrumbs-content":"","ast-featured-img":"","footer-sml-layout":"","ast-disable-related-posts":"","theme-transparent-header-meta":"","adv-header-id-meta":"","stick-header-meta":"","header-above-stick-meta":"","header-main-stick-meta":"","header-below-stick-meta":"","astra-migrate-meta-layouts":"default","ast-page-background-enabled":"default","ast-page-background-meta":{"desktop":{"background-color":"var(--ast-global-color-4)","background-image":"","background-repeat":"repeat","background-position":"center center","background-size":"auto","background-attachment":"scroll","background-type":"","background-media":"","overlay-type":"","overlay-color":"","overlay-opacity":"","overlay-gradient":""},"tablet":{"background-color":"","background-image":"","background-repeat":"repeat","background-position":"center center","background-size":"auto","background-attachment":"scroll","background-type":"","background-media":"","overlay-type":"","overlay-color":"","overlay-opacity":"","overlay-gradient":""},"mobile":{"background-color":"","background-image":"","background-repeat":"repeat","background-position":"center center","background-size":"auto","background-attachment":"scroll","background-type":"","background-media":"","overlay-type":"","overlay-color":"","overlay-opacity":"","overlay-gradient":""}},"ast-content-background-meta":{"desktop":{"background-color":"var(--ast-global-color-5)","background-image":"","background-repeat":"repeat","background-position":"center center","background-size":"auto","background-attachment":"scroll","background-type":"","background-media":"","overlay-type":"","overlay-color":"","overlay-opacity":"","overlay-gradient":""},"tablet":{"background-color":"var(--ast-global-color-5)","background-image":"","background-repeat":"repeat","background-position":"center center","background-size":"auto","background-attachment":"scroll","background-type":"","background-media":"","overlay-type":"","overlay-color":"","overlay-opacity":"","overlay-gradient":""},"mobile":{"background-color":"var(--ast-global-color-5)","background-image":"","background-repeat":"repeat","background-position":"center center","background-size":"auto","background-attachment":"scroll","background-type":"","background-media":"","overlay-type":"","overlay-color":"","overlay-opacity":"","overlay-gradient":""}},"_joinchat":[],"footnotes":""},"class_list":["post-73","page","type-page","status-publish","hentry"],"uagb_featured_image_src":{"full":false,"thumbnail":false,"medium":false,"medium_large":false,"large":false,"1536x1536":false,"2048x2048":false},"uagb_author_info":{"display_name":"Ap.LiubingQuintero","author_link":"https:\/\/liubingquintero.com\/author\/ap-liubingquintero\/"},"uagb_comment_info":0,"uagb_excerpt":"Biograf\u00eda Nacido en la vibrante ciudad de Maracaibo, Venezuela, y actualmente residenciado en el departamento de Cundinamarca, Colombia, el Ap\u00f3stol [&hellip;]","_links":{"self":[{"href":"https:\/\/liubingquintero.com\/index.php\/wp-json\/wp\/v2\/pages\/73","targetHints":{"allow":["GET"]}}],"collection":[{"href":"https:\/\/liubingquintero.com\/index.php\/wp-json\/wp\/v2\/pages"}],"about":[{"href":"https:\/\/liubingquintero.com\/index.php\/wp-json\/wp\/v2\/types\/page"}],"author":[{"embeddable":true,"href":"https:\/\/liubingquintero.com\/index.php\/wp-json\/wp\/v2\/users\/1"}],"replies":[{"embeddable":true,"href":"https:\/\/liubingquintero.com\/index.php\/wp-json\/wp\/v2\/comments?post=73"}],"version-history":[{"count":17,"href":"https:\/\/liubingquintero.com\/index.php\/wp-json\/wp\/v2\/pages\/73\/revisions"}],"predecessor-version":[{"id":854,"href":"https:\/\/liubingquintero.com\/index.php\/wp-json\/wp\/v2\/pages\/73\/revisions\/854"}],"wp:attachment":[{"href":"https:\/\/liubingquintero.com\/index.php\/wp-json\/wp\/v2\/media?parent=73"}],"curies":[{"name":"wp","href":"https:\/\/api.w.org\/{rel}","templated":true}]}}