{"id":304,"date":"2024-04-16T16:40:56","date_gmt":"2024-04-16T14:40:56","guid":{"rendered":"https:\/\/liubingquintero.com\/?page_id=304"},"modified":"2025-09-24T12:52:52","modified_gmt":"2025-09-24T17:52:52","slug":"ministerio-de-ensenanza","status":"publish","type":"page","link":"https:\/\/liubingquintero.com\/index.php\/ministerio-de-ensenanza\/","title":{"rendered":"Ministerio de Ense\u00f1anza"},"content":{"rendered":"\n<div class=\"wp-block-uagb-advanced-heading uagb-block-ae1336c9\"><h1 class=\"uagb-heading-text\"><strong>Ministerio de Ense\u00f1anza Integral<\/strong><\/h1><\/div>\n\n\n\n<p><\/p>\n\n\n\n<p><\/p>\n\n\n\n<p class=\"has-text-align-left justificado has-medium-font-size\">Participamos activamente en la formaci\u00f3n del ciudadano del Reino en los diferentes niveles en que se encuentra, fortaleciendo su fe y transformando vidas a trav\u00e9s de cursos, talleres, diplomados y capacitacion en general seg\u00fan el requerimiento.<\/p>\n\n\n\n<p class=\"has-text-align-left justificado has-medium-font-size\">Adem\u00e1s brindamos asesor\u00eda en la formaci\u00f3n de Escuelas de Liderazgo y Ministeriales, creando planes de educaci\u00f3n y evaluaci\u00f3n adaptables a las necesidades espec\u00edficas de cada congregaci\u00f3n. Nuestro enfoque se centra en el desarrollo integral del individuo, promoviendo valores \u00e9ticos y morales arraigados en los principios b\u00edblicos. <\/p>\n\n\n\n<p class=\"has-text-align-left justificado has-medium-font-size\">A trav\u00e9s de nuestra labor educativa, buscamos capacitar a los llamados al servicio ministerial, para que puedan desempe\u00f1ar un papel activo y transformador en sus comunidades y ministerios, llevando el mensaje del evangelio a todas las \u00e1reas de la sociedad. Nos comprometemos a ofrecer un acompa\u00f1amiento continuo y recursos actualizados para garantizar un crecimiento constante en el conocimiento y la pr\u00e1ctica de la fe cristiana. <\/p>\n\n\n\n<p class=\"has-text-align-left justificado has-medium-font-size\">En colaboraci\u00f3n con l\u00edderes y maestros capacitados, estamos construyendo una base s\u00f3lida para el futuro de la iglesia, donde el discipilado se convierte en un medio para el crecimiento espiritual y la expansi\u00f3n del Reino de Dios.<\/p>\n\n\n\n<div class=\"wp-block-uagb-container uagb-block-8d42183a alignfull uagb-is-root-container\"><div class=\"uagb-container-inner-blocks-wrap\">\n<div class=\"wp-block-uagb-container uagb-block-7bf5e3ae\">\n<div class=\"wp-block-uagb-info-box uagb-block-c1afd9a8 uagb-infobox__content-wrap  uagb-infobox-icon-above-title uagb-infobox-image-valign-top wp-block-uagb-info-box--has-margin\"><div class=\"uagb-infobox-margin-wrapper\"><div class=\"uagb-ifb-content\"><div class=\"uagb-ifb-image-content\"><img decoding=\"async\" src=\"https:\/\/liubingquintero.com\/wp-content\/uploads\/2024\/04\/1-150x150.png\" alt=\"\" width=\"\" height=\"0\" loading=\"lazy\"\/><\/div><div class=\"uagb-ifb-title-wrap\"><h3 class=\"uagb-ifb-title\">Ofrecemos<\/h3><\/div><p class=\"uagb-ifb-desc\">Programas de corta duraci\u00f3n y alto impacto espiritual.<\/p><\/div><\/div><\/div>\n<\/div>\n\n\n\n<div class=\"wp-block-uagb-container uagb-block-044793e9\">\n<div class=\"wp-block-uagb-info-box uagb-block-a4813e5c uagb-infobox__content-wrap  uagb-infobox-icon-above-title uagb-infobox-image-valign-top wp-block-uagb-info-box--has-margin\"><div class=\"uagb-infobox-margin-wrapper\"><div class=\"uagb-ifb-content\"><div class=\"uagb-ifb-image-content\"><img decoding=\"async\" src=\"https:\/\/liubingquintero.com\/wp-content\/uploads\/2024\/04\/2-150x150.png\" alt=\"\" width=\"\" height=\"0\" loading=\"lazy\"\/><\/div><div class=\"uagb-ifb-title-wrap\"><h3 class=\"uagb-ifb-title\">Ense\u00f1amos<\/h3><\/div><p class=\"uagb-ifb-desc\">Verdades b\u00edblicas profundas en forma clara, pr\u00e1ctica y sencilla.<\/p><\/div><\/div><\/div>\n<\/div>\n\n\n\n<div class=\"wp-block-uagb-container uagb-block-16e10c9c\">\n<div class=\"wp-block-uagb-info-box uagb-block-848e0b8d uagb-infobox__content-wrap  uagb-infobox-icon-above-title uagb-infobox-image-valign-top wp-block-uagb-info-box--has-margin\"><div class=\"uagb-infobox-margin-wrapper\"><div class=\"uagb-ifb-content\"><div class=\"uagb-ifb-image-content\"><img decoding=\"async\" src=\"https:\/\/liubingquintero.com\/wp-content\/uploads\/2024\/04\/3-150x150.png\" alt=\"\" width=\"\" height=\"0\" loading=\"lazy\"\/><\/div><div class=\"uagb-ifb-title-wrap\"><h3 class=\"uagb-ifb-title\"><strong>Capacitamos<\/strong><\/h3><\/div><p class=\"uagb-ifb-desc\">En los aspectos m\u00e1s relevantes de la demanda ministerial presente.<\/p><\/div><\/div><\/div>\n<\/div>\n\n\n\n<div class=\"wp-block-uagb-container uagb-block-f923025e\">\n<div class=\"wp-block-uagb-info-box uagb-block-31ed75ea uagb-infobox__content-wrap  uagb-infobox-icon-above-title uagb-infobox-image-valign-top wp-block-uagb-info-box--has-margin\"><div class=\"uagb-infobox-margin-wrapper\"><div class=\"uagb-ifb-content\"><div class=\"uagb-ifb-image-content\"><img decoding=\"async\" src=\"https:\/\/liubingquintero.com\/wp-content\/uploads\/2024\/04\/4-150x150.png\" alt=\"\" width=\"\" height=\"0\" loading=\"lazy\"\/><\/div><div class=\"uagb-ifb-title-wrap\"><h3 class=\"uagb-ifb-title\"><strong><strong>Impartimos<\/strong><\/strong><\/h3><\/div><p class=\"uagb-ifb-desc\">La revelaci\u00f3n de las Escrituras del tiempo prof\u00e9tico que vivimos.<\/p><\/div><\/div><\/div>\n<\/div>\n<\/div><\/div>\n\n\n\n<div class=\"wp-block-uagb-buttons uagb-buttons__outer-wrap uagb-btn__default-btn uagb-btn-tablet__default-btn uagb-btn-mobile__default-btn uagb-block-d16d61c0\"><div class=\"uagb-buttons__wrap uagb-buttons-layout-wrap \">\n<div class=\"wp-block-uagb-buttons-child uagb-buttons__outer-wrap uagb-block-8987e3b3 wp-block-button\"><div class=\"uagb-button__wrapper\"><a class=\"uagb-buttons-repeater wp-block-button__link\" aria-label=\"\" href=\"https:\/\/escuelaeman.com\/\" rel=\"follow noopener\" target=\"_blank\" role=\"button\"><div class=\"uagb-button__link\">M\u00e1s Informaci\u00f3n<\/div><\/a><\/div><\/div>\n<\/div><\/div>\n","protected":false},"excerpt":{"rendered":"<p>Ministerio de Ense\u00f1anza Integral Participamos activamente en la formaci\u00f3n del ciudadano del Reino en los diferentes niveles en que se [&hellip;]<\/p>\n","protected":false},"author":1,"featured_media":0,"parent":0,"menu_order":0,"comment_status":"closed","ping_status":"closed","template":"","meta":{"_uag_custom_page_level_css":"","site-sidebar-layout":"default","site-content-layout":"","ast-site-content-layout":"","site-content-style":"default","site-sidebar-style":"default","ast-global-header-display":"","ast-banner-title-visibility":"","ast-main-header-display":"","ast-hfb-above-header-display":"","ast-hfb-below-header-display":"","ast-hfb-mobile-header-display":"","site-post-title":"disabled","ast-breadcrumbs-content":"","ast-featured-img":"","footer-sml-layout":"","ast-disable-related-posts":"","theme-transparent-header-meta":"","adv-header-id-meta":"","stick-header-meta":"","header-above-stick-meta":"","header-main-stick-meta":"","header-below-stick-meta":"","astra-migrate-meta-layouts":"default","ast-page-background-enabled":"default","ast-page-background-meta":{"desktop":{"background-color":"var(--ast-global-color-4)","background-image":"","background-repeat":"repeat","background-position":"center center","background-size":"auto","background-attachment":"scroll","background-type":"","background-media":"","overlay-type":"","overlay-color":"","overlay-gradient":""},"tablet":{"background-color":"","background-image":"","background-repeat":"repeat","background-position":"center center","background-size":"auto","background-attachment":"scroll","background-type":"","background-media":"","overlay-type":"","overlay-color":"","overlay-gradient":""},"mobile":{"background-color":"","background-image":"","background-repeat":"repeat","background-position":"center center","background-size":"auto","background-attachment":"scroll","background-type":"","background-media":"","overlay-type":"","overlay-color":"","overlay-gradient":""}},"ast-content-background-meta":{"desktop":{"background-color":"var(--ast-global-color-5)","background-image":"","background-repeat":"repeat","background-position":"center center","background-size":"auto","background-attachment":"scroll","background-type":"","background-media":"","overlay-type":"","overlay-color":"","overlay-gradient":""},"tablet":{"background-color":"var(--ast-global-color-5)","background-image":"","background-repeat":"repeat","background-position":"center center","background-size":"auto","background-attachment":"scroll","background-type":"","background-media":"","overlay-type":"","overlay-color":"","overlay-gradient":""},"mobile":{"background-color":"var(--ast-global-color-5)","background-image":"","background-repeat":"repeat","background-position":"center center","background-size":"auto","background-attachment":"scroll","background-type":"","background-media":"","overlay-type":"","overlay-color":"","overlay-gradient":""}},"_joinchat":[],"footnotes":""},"class_list":["post-304","page","type-page","status-publish","hentry"],"uagb_featured_image_src":{"full":false,"thumbnail":false,"medium":false,"medium_large":false,"large":false,"1536x1536":false,"2048x2048":false},"uagb_author_info":{"display_name":"Ap.LiubingQuintero","author_link":"https:\/\/liubingquintero.com\/author\/ap-liubingquintero\/"},"uagb_comment_info":0,"uagb_excerpt":"Ministerio de Ense\u00f1anza Integral Participamos activamente en la formaci\u00f3n del ciudadano del Reino en los diferentes niveles en que se [&hellip;]","_links":{"self":[{"href":"https:\/\/liubingquintero.com\/index.php\/wp-json\/wp\/v2\/pages\/304","targetHints":{"allow":["GET"]}}],"collection":[{"href":"https:\/\/liubingquintero.com\/index.php\/wp-json\/wp\/v2\/pages"}],"about":[{"href":"https:\/\/liubingquintero.com\/index.php\/wp-json\/wp\/v2\/types\/page"}],"author":[{"embeddable":true,"href":"https:\/\/liubingquintero.com\/index.php\/wp-json\/wp\/v2\/users\/1"}],"replies":[{"embeddable":true,"href":"https:\/\/liubingquintero.com\/index.php\/wp-json\/wp\/v2\/comments?post=304"}],"version-history":[{"count":32,"href":"https:\/\/liubingquintero.com\/index.php\/wp-json\/wp\/v2\/pages\/304\/revisions"}],"predecessor-version":[{"id":888,"href":"https:\/\/liubingquintero.com\/index.php\/wp-json\/wp\/v2\/pages\/304\/revisions\/888"}],"wp:attachment":[{"href":"https:\/\/liubingquintero.com\/index.php\/wp-json\/wp\/v2\/media?parent=304"}],"curies":[{"name":"wp","href":"https:\/\/api.w.org\/{rel}","templated":true}]}}